ivisor of a and x?
9
Let s(v) = 286*v + 1490. Let n be s(-5). Calculate the greatest common divisor of 410 and n.
10
Suppose -2*c - 125 + 17 = -4*s, -2*s - 3*c + 62 = 0. Calculate the highest common factor of s and 16.
4
Suppose -112 = 124*h - 132*h. Let v(w) = -w**3 - 7*w**2 - 5*w + 8. Let z be v(-8). Calculate the highest common factor of z and h.
14
Let w = 188 + -171. Suppose 0 = 9*s - w*s + 200. Suppose 0 = g - 7 - 18. Calculate the highest common divisor of s and g.
25
Let t(m) = 3*m**2 + 67*m + 14. Let x be t(-23). Suppose -z = 4*z - x. What is the greatest common factor of z and 636?
12
Let h be (-12)/(-21) - 8/(-6)*21966/196. Calculate the greatest common divisor of h and 1000.
50
Let k be 4/(-10) - ((-288)/20)/3*198. What is the highest common divisor of 1850 and k?
50
Let z(k) = -k**3 - 14*k**2 + 69*k + 259. Let o be z(-37). Calculate the greatest common divisor of o and 111.
111
Let q = -384 + 580. Suppose 34 - q = -2*s. What is the greatest common divisor of 3 and s?
3
Let n(v) be the third derivative of -7*v**4/6 + 116*v**3/3 + 4*v**2 - 7. Let p be n(7). Calculate the highest common divisor of p and 48.
12
Suppose 3*j + 19*j = 176. Suppose -92 = -3*z - 0*z - 4*h, 0 = 3*z - 4*h - 52. Let y be ((-36)/4)/((-9)/z). What is the greatest common factor of j and y?
8
Let z(u) = -7*u + 73. Let v be z(10). Suppose -v*g = q - 166, 0 = 5*g + 2*q - 139 - 138. What is the highest common factor of 11 and g?
11
Let t be 1/((-160)/(-2180))*8. What is the highest common divisor of t and 15?
1
Let c(r) be the third derivative of -r**6/40 + r**5/20 + r**4/12 - 61*r**2. Let q be c(-2). Calculate the greatest common factor of q and 2.
2
Let n be (5*(-7)/(-35))/(2/1386). Calculate the highest common divisor of n and 1089.
99
Let s = 7497 - 7259. What is the highest common factor of 154 and s?
14
Suppose -11*o - 11 + 132 = 0. Let h be -3 - 1 - (-45 - o). Calculate the greatest common factor of 4 and h.
4
Let r(a) = 5*a**2 - 8*a + 4. Let o be r(-6). Let j be 39/5 + (1128/(-4230))/(4/(-3)). What is the greatest common divisor of o and j?
8
Suppose 4*d + 62 = q + 239, -186 = q + 5*d. Let j = q - -190. Let r be -3*(0 + 2/(-6)). Calculate the highest common divisor of j and r.
1
Let c = -1384 + 4934. Calculate the highest common divisor of c and 25.
25
Let h be (-7)/((-7)/(-4)) + 13. Suppose 1616 = h*z - 5*z. Suppose 6*s - z = 688. What is the greatest common divisor of 26 and s?
26
Let m(y) = -19*y - 152. Suppose 34 = -x + 36, 4*p = -4*x - 32. Let b be m(p). Let g = -25 + 120. What is the greatest common divisor of g and b?
19
Suppose -4*i - 5*o = -103, -158*i = -153*i + 5*o - 140. Let k(u) = u**3 + 8*u**2 - 7*u + 1. Let z be k(-5). Calculate the highest common divisor of z and i.
37
Let z(o) = 2*o**3 - 191*o**2 + 289*o - 56. Let j be z(94). Calculate the highest common divisor of j and 688.
86
Let l = -13370 + 13600. Calculate the highest common factor of 17710 and l.
230
Let s be (4/(-20) - (452/40 - 10))*-92. Calculate the greatest common factor of s and 3473.
23
Let c(v) = 10*v**2 - 81*v + 13. Let n be c(9). What is the greatest common factor of 18847 and n?
47
Suppose -5*a + 5389 = -4*b, -3*b - 4698 - 695 = -5*a. Calculate the greatest common divisor of 46 and a.
23
Let s = -430 - -778. Let c = s + -271. What is the greatest common divisor of 847 and c?
77
Let m(j) = -3*j**2 - 146*j + 58. Let y be m(-48). Calculate the highest common factor of 385 and y.
77
Let i(o) = 247*o**2 - 38*o - 74. Let y be i(-2). Calculate the highest common divisor of y and 144.
18
Let b(h) = h**3 - 6*h**2 - 3*h + 5. Let t be b(7). Suppose -3*m - s + t = -4*s, -13 = -m + 2*s. Calculate the highest common factor of m and 450.
9
Let a = 3801 - 2955. Suppose 3*s + 4*i - 38 = 0, -i = 2*s - 4*i - 48. What is the highest common factor of a and s?
18
Let z = -6 - -6. Let v be (13 - z) + (0 - -1). Suppose -3*k + f + 208 = 0, 48*k + 3*f = 47*k + 76. Calculate the greatest common factor of k and v.
14
Let j = -12 + 36. Suppose -2*s = -0*y + y + j, -s = 2*y + 9. Let x = s + 31. Calculate the greatest common factor of 45 and x.
9
Let l(o) = 18*o + 79. Let p be l(-4). Let j(t) = 4*t**2 + 60*t. Let z be j(p). What is the greatest common divisor of z and 56?
56
Let t = 2992 - -2533. What is the greatest common divisor of 34 and t?
17
Suppose 4415*v = 4398*v + 1785. Calculate the greatest common divisor of v and 1253.
7
Let g(a) = -4*a**3 + 9*a + 23. Let b be g(-3). Calculate the greatest common factor of b and 8.
8
Suppose -4*c + 412 = 3*s, -32*s = -5*c - 33*s + 526. What is the greatest common divisor of 2862 and c?
106
Let h be ((-20480)/60)/(4 - 3 - 0)*-6. What is the greatest common factor of h and 192?
64
Suppose 0*z + 28 = -7*z. Let x be z/8 + (-1099)/(-2). Suppose 2*o - x + 159 = 0. Calculate the highest common divisor of o and 78.
39
Suppose 3*f = 5*q + 428 - 159, -q + 188 = 2*f. Calculate the highest common divisor of f and 6.
3
Suppose -w - 5*o - 8 = -o, 3*o + 12 = 0. Suppose 13*r - 9*r = w. Calculate the highest common divisor of 62 and r.
2
Let c be (8 - 2) + 0/2. Suppose -2*q = 3*o - 16, -2*q = 11*o - 7*o - 16. Calculate the highest common divisor of c and q.
2
Let p(l) = -9*l + 58. Let i be p(9). Let z(f) = -8*f - 136. Let q be z(i). What is the highest common divisor of q and 1872?
48
Let a(r) = -r + 561. Let o be a(-54). What is the highest common factor of o and 82?
41
Suppose 5*p + 0 = 5*v - 5, 5 = -3*v + p. Let y be 0 - v - ((6 - 2) + -19). Suppose -111 = -5*s + 69. What is the highest common factor of y and s?
18
Let a be (1 - 85/(-35))/(9/189). Suppose 2 = 2*s, 5*g - 2*s - 1802 = -4*s. Calculate the highest common factor of g and a.
72
Let s = 11120 - 10847. What is the highest common divisor of s and 1323?
21
Let w(d) = 3047 + 67*d - 6134 - d**3 + 3048 + 51*d**2. Let f be w(52). What is the greatest common divisor of 57 and f?
57
Suppose -4*h = 20 - 36. Suppose h*s + 46 = 2*k - 38, -3*k - s = -91. What is the highest common divisor of 416 and k?
32
Let v(b) = 768*b**3 - 4*b**2 + 61*b - 125. Let r be v(2). Calculate the greatest common factor of r and 49.
49
Let w(d) = 4*d**2 - 20. Let h = -16 - -11. Let k be w(h). Suppose -25*x - k = -30*x. What is the greatest common factor of x and 272?
16
Let w(k) = -k**3 + 135*k**2 - 250*k - 2005. Let i be w(133). Suppose 3*s - 256 = -10. Calculate the highest common factor of i and s.
41
Let q be 8304/173 - (1/(-1) + 0). Let r(z) = -4*z**3 + 10*z**2 + 16*z - 1. Let n be r(-6). Calculate the greatest common factor of n and q.
49
Suppose 3696 = -5*p - 9*s + 6*s, 2*p + s = -1479. Let q = 750 + p. Calculate the greatest common factor of 387 and q.
9
Suppose 4*d = 20, 3*d = -5*s - 382 - 418. Let c = s - -203. What is the greatest common factor of c and 110?
10
Let h = -10 + 15. Suppose l + r - 106 = 0, 1015*l - 2*r - 133 = 1014*l. What is the greatest common factor of l and h?
5
Let n(m) = 926*m**2 - 2034*m - 12205. Let u be n(-6). What is the greatest common factor of 295 and u?
295
Suppose 0 = -z - 0*z - 3*l - 387, -12 = 4*l. Let h be 2516/14 - 108/z. Calculate the highest common factor of 15 and h.
15
Let m(q) be the second derivative of 70/3*q**3 - 12*q + 0*q**2 + 0. Let a be m(1). What is the greatest common factor of 56 and a?
28
Let i be (-4 - 0)*60/(-12). Let a(y) = y + 45. Let b be a(-6). Let o be 2/13 - ((-384)/b - 0). Calculate the highest common divisor of i and o.
10
Let g be ((-13668)/(-670))/(((-18)/940)/(-3)). What is the highest common factor of 940 and g?
188
Suppose -j = 20*z - 64, 39*j + z - 15 = 36*j. Let t = 2 - 4. Let p be 11/(-1 - t) - 1. Calculate the highest common divisor of j and p.
2
Let t = -23 + 29. Let p(z) = z**3 - 7*z**2 + 7*z - 1. Let b be 38/5 + (-6)/10. Let g be p(b). What is the greatest common factor of g and t?
6
Suppose -2*a - a + 21 = 0. Let d(j) = -5*j + 286. Let s = -416 - -462. Let x be d(s). Calculate the greatest common factor of a and x.
7
Suppose 9*p + 105 = 4*p. Let w(c) = c**2 + 18*c - 3. Let d be w(p). What is the greatest common factor of 90 and d?
30
Let o be (-666)/8*(-96)/72*20. Calculate the greatest common factor of 200 and o.
20
Suppose f + f = 792. Let g = 313 + -307. Let x(p) = -3*p**2 + 23*p + 6. Let n be x(g). Calculate the highest common divisor of n and f.
36
Let o b